{"id":11,"date":"2021-12-07T08:45:16","date_gmt":"2021-12-07T07:45:16","guid":{"rendered":"https:\/\/sportlabuisse.wordpress.com\/contact\/"},"modified":"2023-12-16T14:27:48","modified_gmt":"2023-12-16T14:27:48","slug":"contact","status":"publish","type":"page","link":"https:\/\/www.budoclub.fr\/blog\/contact\/","title":{"rendered":"Contact"},"content":{"rendered":"\n<p class=\"has-text-align-left\">Pour nous contacter, envoyez nous un \u00e9mail <\/p>\n\n\n\n<div class=\"wp-block-group\"><div class=\"wp-block-group__inner-container is-layout-flow wp-block-group-is-layout-flow\"><\/div><\/div>\n\n\n\n<div class=\"wp-block-columns alignwide has-2-columns is-layout-flex wp-container-core-columns-is-layout-9d6595d7 wp-block-columns-is-layout-flex\">\n<div class=\"wp-block-column is-layout-flow wp-block-column-is-layout-flow\">\n<h2 class=\"wp-block-heading has-text-align-left\" id=\"contactez-nous\">Contactez-nous<\/h2>\n\n\n\n<div class=\"wp-block-jetpack-contact-info\">\n<div class=\"wp-block-jetpack-email\"><a href=\"mailto:budoclub38@gmail.com\">budoclub38@gmail.com<\/a><\/div>\n<p><\/p>\n<p><strong>T\u00e9l\u00e9phonez nous<\/strong><\/p>\n<ul>\n<li>St\u00e9phane  06-84-27-32-85<\/li>\n<li>Dimitry      06-18-52-42-66 <\/li>\n<\/ul>\n<\/div>\n<\/div>\n\n\n\n<div class=\"wp-block-column is-layout-flow wp-block-column-is-layout-flow\"><\/div>\n<\/div>\n","protected":false},"excerpt":{"rendered":"<p>Pour nous contacter, envoyez nous un \u00e9mail Contactez-nous budoclub38@gmail.com T\u00e9l\u00e9phonez nous St\u00e9phane 06-84-27-32-85 Dimitry 06-18-52-42-66<\/p>\n","protected":false},"author":2,"featured_media":0,"parent":0,"menu_order":1,"comment_status":"closed","ping_status":"closed","template":"","meta":{"site-container-style":"default","site-container-layout":"default","site-sidebar-layout":"default","disable-article-header":"default","disable-site-header":"default","disable-site-footer":"default","disable-content-area-spacing":"default","footnotes":""},"class_list":["post-11","page","type-page","status-publish","hentry"],"_links":{"self":[{"href":"https:\/\/www.budoclub.fr\/blog\/wp-json\/wp\/v2\/pages\/11","targetHints":{"allow":["GET"]}}],"collection":[{"href":"https:\/\/www.budoclub.fr\/blog\/wp-json\/wp\/v2\/pages"}],"about":[{"href":"https:\/\/www.budoclub.fr\/blog\/wp-json\/wp\/v2\/types\/page"}],"author":[{"embeddable":true,"href":"https:\/\/www.budoclub.fr\/blog\/wp-json\/wp\/v2\/users\/2"}],"replies":[{"embeddable":true,"href":"https:\/\/www.budoclub.fr\/blog\/wp-json\/wp\/v2\/comments?post=11"}],"version-history":[{"count":4,"href":"https:\/\/www.budoclub.fr\/blog\/wp-json\/wp\/v2\/pages\/11\/revisions"}],"predecessor-version":[{"id":748,"href":"https:\/\/www.budoclub.fr\/blog\/wp-json\/wp\/v2\/pages\/11\/revisions\/748"}],"wp:attachment":[{"href":"https:\/\/www.budoclub.fr\/blog\/wp-json\/wp\/v2\/media?parent=11"}],"curies":[{"name":"wp","href":"https:\/\/api.w.org\/{rel}","templated":true}]}}